05014253 (base 6) to base 15.
-27c6c6
-16833724 (base 10) to base 13
-36451ab
What is 110113303220 (base 4) in base 3?
101001022122022
1415130 (base 7) to base 8
561207
What is -137511 (base 8) in base 15?
-e799
Convert -1021001322 (base 4) to base 6.
-10224510
Convert -19a0998 (base 13) to base 2.
-100000010000011000010110
Convert 1f3165 (base 16) to base 15.
2a5a91
-337340 (base 8) to base 16
-1bee0
Convert 477310 (base 8) to base 5.
20213103
What is 42560 (base 10) in base 8?
123100
Convert 468527 (base 10) to base 3.
212210200212
-4533 (base 6) to base 5
-13230
What is -b4cbac (base 14) in base 2?
-10111010010011110000100
1332040 (base 5) to base 9
41211
Convert -1a81a0 (base 11) to base 6.
-10453444
What is -455352 (base 6) in base 14?
-101da
b7cbe (base 16) to base 14
1584d8
What is -116604 (base 8) in base 15?
-be34
Convert 3154065 (base 7) to base 11.
241984
Convert -478d3 (base 16) to base 7.
-2330306
Convert 367286a (base 12) to base 8.
50340522
-3d841 (base 14) to base 15
-302ea
What is 356233 (base 8) in base 2?
11101110010011011
Convert 799bb (base 16) to base 7.
4143131
-122354464 (base 7) to base 8
-35324771
133424331 (base 5) to base 16
a7888
Convert -a9d337 (base 14) to base 4.
-111332110211
1010110010001110 (base 2) to base 8
126216
What is -34751 (base 16) in base 2?
-110100011101010001
What is -1001022201 (base 3) in base 11?
-14570
-3305807 (base 11) to base 4
-112021112122
1301322123 (base 5) to base 16
3016b2
10263354 (base 8) to base 5
1030022121
1402103202 (base 5) to base 4
31202303123
Convert -86941 (base 10) to base 7.
-511321
Convert 44cbe (base 15) to base 8.
653377
Convert 122024123 (base 5) to base 6.
20232441
-21a76 (base 11) to base 9
-47681
Convert 22555430 (base 6) to base 15.
dc526
What is 1322805 (base 13) in base 12?
2016349
What is -110110110100011100 (base 2) in base 11?
-143778
98325 (base 12) to base 16
310cd
Convert 10622 (base 15) to base 10.
52007
What is 4a181 (base 12) in base 4?
120201301
What is 1263809 (base 10) in base 8?
4644301
10100111110100001001110 (base 2) to base 14
a31dca
13353064 (base 7) to base 11
777695
What is -58d1f6 (base 16) in base 14?
-ab747c
12376175 (base 8) to base 7
32250124
Convert 2095965 (base 10) to base 6.
112531313
111222201122212 (base 3) to base 4
130113021020
What is -246225 (base 8) in base 9?
-138711
-191536 (base 12) to base 6
-13215310
What is -14d17a (base 14) in base 5?
-141234324
-922b47 (base 14) to base 5
-2230044310
What is 1011112212 (base 6) in base 14?
1551200
What is 79a510 (base 11) in base 12?
514878
What is -184051 (base 16) in base 13?
-438541
-220103031 (base 4) to base 11
-103023
Convert -2310311322 (base 4) to base 11.
-466581
What is 22020122111011 (base 3) in base 6?
233532434
Convert 643524 (base 9) to base 7.
3154030
Convert -24542c (base 15) to base 2.
-110101000100100111011
Convert 11101101000010011 (base 2) to base 15.
25e5d
What is -59d64 (base 16) in base 4?
-1121311210
Convert -126dc04 (base 15) to base 4.
-302211032320
Convert 4ef5 (base 16) to base 15.
5ec8
19b3a18 (base 12) to base 10
5460212
What is 1a2048 (base 12) in base 2?
1110000001110111000
31200132230 (base 4) to base 5
1401302113
What is 476a2 (base 16) in base 15?
5ba0e
What is -654d4 (base 14) in base 15?
-4c9ab
What is 310122200 (base 4) in base 8?
643240
Convert 203a55a (base 11) to base 9.
6687608
What is 220303003 (base 4) in base 8?
506303
What is 541578 (base 11) in base 12?
359094
Convert -4302212 (base 5) to base 15.
-165c2
-13340540 (base 6) to base 12
-197750
What is 360194 (base 10) in base 7?
3030062
Convert -1025323 (base 6) to base 13.
-19c6b
Convert -1e058 (base 15) to base 13.
-35783
What is 130001 (base 4) in base 2?
11100000001
1b3646 (base 15) to base 7
14200053
What is 24072748 (base 9) in base 11?
6699233
What is -1144206 (base 7) in base 3?
-21101122020
What is 2034221 (base 6) in base 13?
3589c
-11304303 (base 7) to base 6
-33141503
Convert -42457 (base 12) to base 9.
-142354
What is -177022 (base 8) in base 10?
-65042
What is -112020220210020 (base 3) in base 4?
-130321230111
Convert -15a7b (base 16) to base 6.
-1522351
What is -a3625 (base 15) in base 13?
-151889
What is -435465 (base 7) in base 8?
-225145
415205 (base 9) to base 15
4d0ce
What is 37d935 (base 15) in base 12?
a92042
Convert 135ab5 (base 14) to base 13.
1a5609
d76192 (base 14) to base 5
3330334122
1010101011000101001 (base 2) to base 13
c325b
Convert -776919 (base 15) to base 16.
-56db8b
Convert 19b67 (base 16) to base 6.
2131331
-6f6a (base 16) to base 15
-86b7
Convert 225421025 (base 7) to base 15.
1334e35
Convert -7c7228 (base 14) to base 8.
-20143624
Convert 4115 (base 11) to base 5.
133321
What is -3160d (base 14) in base 15?
-254a6
Convert -ed096 (base 15) to base 13.
-204831
553362 (base 7) to base 15
1dc40
Convert 1423321 (base 5) to base 11.
20464
What is 4047 (base 8) in base 12?
125b
Convert 223158 (base 12) to base 16.
84f14
Convert 21111220122010 (base 3) to base 4.
33033011010
Convert -2111122001022 (base 3) to base 5.
-320044224
-1111011111001000 (base 2) to base 15
-13bdc
253884 (base 10) to base 6
5235220
What is -12122121000 (base 3) in base 2?
-11011001010001000
-21221200111 (base 3) to base 7
-1221166
Convert -666544 (base 8) to base 11.
-143833
43673 (base 8) to base 4
10132323
Convert 777cc (base 16) to base 8.
1673714
Convert 241131142 (base 5) to base 15.
170382
-124dbe9 (base 15) to base 3
-220202111222210
Convert -26406 (base 7) to base 2.
-1101110010110
What is 21022257 (base 8) in base 12?
15b4493
What is 3102323030 (base 4) in base 6?
30303432
What is 437a4 (base 12) in base 15?
1b6aa
-114566 (base 12) to base 15
-57253
32013300210 (base 4) to base 2
1110000111110000100100
What is 44331 (base 5) in base 6?
22151
Convert 2854662 (base 9) to base 14.
2cca09
-133301010 (base 4) to base 7
-1051230
184c67 (base 14) to base 2
11010001100111001011
What is 63385 (base 9) in base 8?
121621
110000011001000001 (base 2) to base 10
198209
130840 (base 15) to base 3
1201101112220
Convert 362563 (base 9) to base 10.
218433
What is baab (base 15) in base 6?
503012
-1012302232 (base 4) to base 10
-289966
What is 5b1c1 (base 13) in base 12?
80996
Convert 1b78c4 (base 13) to base 8.
2533623
What is 392920 (base 10) in base 2?
1011111111011011000
Convert 40ac8 (base 16) to base 15.
53754
-3663361 (base 7) to base 12
-1a779a
What is -6dd249 (base 15) in base 14?
-9ac665
Convert 3212051 (base 11) to base 13.
122c762
Convert -303003032 (base 4) to base 10.
-209102
Convert -12d569 (base 15) to base 9.
-1630370
Convert 13102221 (base 5) to base 2.
11111010110110100
Convert 345525 (base 6) to base 12.
152a5
3809e6 (base 16) to base 4
32000213212
Convert 2041323 (base 8) to base 15.
aa630
15bb64 (base 14) to base 5
143343312
7470dd (base 14) to base 8
17013053
What is 4055042 (base 6) in base 3?
100212101222
What is -261176 (base 9) in base 13?
-570c3
-11100110111101 (base 2) to base 16
-39bd
What is 389a4c (base 13) in base 2?
101001100111110110110
Convert -113314424 (base 5) to base 16.
-8079f
What is -a3692 (base 11) in base 14?
-3d182
Convert -ff5ae (base 16) to base 5.
-231432214
Convert 614771 (base 8) to base 16.
319f9
Convert -85a849 (base 11) to base 3.
-2120220102220
What is -226441 (base 7) in base 9?
-61741
-111000001000010110011 (base 2) to base 9
-3413017
What is -2411234 (base 6) in base 14?
-33cd8
313101112 (base 4) to base 9
374484
760067 (base 8) to base 9
426380
-1bafd6 (base 16) to base 5
-431030421
Convert 2b3a59 (base 12) to base 3.
1101012201220
What is 18530 (base 9) in base 8?
31031
-114478 (base 11) to base 2
-101100010101010001
-3093004 (base 10) to base 6
-150143244
11033120323 (base 4) to base 2
101001111011000111011
What is 2dbdc (base 14) in base 4?
130002212
288720 (base 9) to base 7
1335021
What is 1000122010202 (base 3) in base 8?
2046277
What is 365b7 (base 16) in base 3?
102022102012
Convert 1553241 (base 8) to base 3.
211202202120
What is 2232134334 (base 5) in base 7?
60101623
What is -104020 (base 6) in base 5?
-234102
What is 11200423003 (base 5) in base 3?
212112210011020
What is 187911 (base 15) in base 5?
301040131
34e3b3 (base 16) to base 13
9448ac
What is -12211322 (base 4) in base 7?
-141503
What is 31445 (base 12) in base 14?